
7
Let b(w) = -w**3 - 8*w**2 + w + 7. Let u be b(-8). Calculate the remainder when -8*((-39)/(-6))/u is divided by 18.
16
Let j(l) = l**2 - 2*l + 1. Let d be j(2). Suppose -b - 174 = -5*g, 4*g + 2*b - 107 = g. Calculate the remainder when g is divided by (d - -5)*6/4.
8
Let g(q) = q**3 - 2*q**2 - 30*q - 12. What is the remainder when 59 is divided by g(7)?
13
Let i(j) = j**3 - 2*j**2 - j - 6. Let c be i(5). Let d = 72 - c. What is the remainder when 39 is divided by d?
7
Let i = 19 + -17. Suppose -4*a - 1562 = -i*a. What is the remainder when (-3)/2 + a/(-22) is divided by 6?
4
Suppose -m + 3*m = 78. Suppose 620 = 4*y - 0*y. What is the remainder when y is divided by m?
38
Let a = 96 + -87. Suppose -w + 3 = n - a, -w = 5*n - 64. Calculate the remainder when 180 is divided by n.
11
Let j(x) = -3*x + 4. Let t(w) = w**3 + 6*w**2 - w - 7. Let p be t(-6). What is the remainder when (p + 4)/((-1328)/(-188) + -7) is divided by j(-4)?
15
Let h = -205 - -289. Suppose w = 4*w + n - 63, -4*w - 5*n = -h. Calculate the remainder when w is divided by 7.
0
Let i be (311*-1 - 0)*(3 - 4). Suppose 5*z + 2*c = i + 442, 5*z - 737 = 2*c. Calculate the remainder when z is divided by 38.
35
Suppose 871 = 10*m - 939. What is the remainder when m is divided by 66?
49
Suppose 1 = -w + 5. Suppose -k + 4*j = -28, -47 = -4*k + 3*j + 13. What is the remainder when k is divided by w?
0
Suppose 8*h = 5*h - 399. Let l = -41 - h. Calculate the remainder when l is divided by (-6)/4*(-62)/3.
30
Let q = 1951 + -1577. What is the remainder when q is divided by 65?
49
Suppose 5*d - 10 - 25 = 0. Let y(g) = 33*g + 18. Calculate the remainder when y(d) is divided by 42.
39
Let z be 4 + (2 - 2) + -3. Suppose 0 = -5*m - 3*h + 13 + z, 5*m = 3*h + 26. What is the remainder when m is divided by 1?
0
Let x(p) = 118*p**2 + 2*p + 1. Let o be x(-1). Let f = o + -65. Let d(r) = 2*r + 2. What is the remainder when f is divided by d(8)?
16
Let q(h) = 2*h**3 - 5*h**2 + 4*h - 4. Let x be q(3). Let b = 31 - x. Calculate the remainder when 40 is divided by b.
12
Let z(w) = -33*w - 111. What is the remainder when 100 is divided by z(-5)?
46
Suppose -6*w = -2*w - 356. Let d = w - 77. Calculate the remainder when d is divided by 8.
4
Let p(t) = 29*t - 152. Calculate the remainder when 250 is divided by p(7).
46
Suppose -3*j + 94 = 2*g, -5*g = 5*j - 55 - 110. Calculate the remainder when 83 is divided by j.
27
Suppose 8 = 2*t - 2*u, -3*u + 14 = 5*t - 5*u. Let g(v) = 1 + 5*v + 2 - 2*v + 11*v**2 - 6. What is the remainder when g(t) is divided by 24?
23
Let f(x) = -43*x**3 - 2*x**2 - x. Suppose -4*k + 6*k + 3*v = 6, 4*v = -5*k + 29. Let i = k - -2. What is the remainder when f(-1) is divided by i?
9
Let w be -5 + -2 - 0/(-1). Let f(u) = 5*u + 21. Let q be f(-8). Let v = w - q. Calculate the remainder when 59 is divided by v.
11
Suppose 3*d = -3*f + 6, -2*f = 3*d - 1 - 2. What is the remainder when 91 is divided by (46/6)/(d*(-3)/9)?
22
Let y(l) = 0 + 1 + 3*l**3 - 3*l**2 + 0*l**3. Let v be y(3). Suppose -2*x + 5*x - v = 4*g, 3*x - 3*g = 51. Calculate the remainder when x is divided by 8.
5
Let y(z) = 1 + 5 - 1 - 6. Let n(t) = -t**2 + 8*t + 10. Let q(o) = n(o) + 2*y(o). What is the remainder when 44 is divided by q(7)?
14
What is the remainder when 78 is divided by 5208/324 + (-4)/54?
14
Let y = 666 + -654. Suppose -3*t - 5*q = 1, -5*q + q - 11 = -t. Suppose 0*m - t*m + 3 = 0, a + 2*m = 24. What is the remainder when a is divided by y?
10
Suppose -y + 128 = y. Let p = -36 + y. Suppose -2*z - 32 = -142. Calculate the remainder when z is divided by p.
27
Suppose 415 = -r + 3742. Let a = r + -2124. Calculate the remainder when a/21 + 2/(-7) is divided by 15.
12
Let n be 0/(2*1/(-1)). Let p = n - -28. Let k(i) = -13*i - 229. Calculate the remainder when k(-24) is divided by p.
27
Let m = -1029 + 1035. Calculate the remainder when 7 is divided by m.
1
Suppose -5*v - 4*l = -l - 247, -v - 2*l = -48. What is the remainder when v is divided by 26?
24
Let s = -26 - -47. Suppose -v = -9 - 3. What is the remainder when ((-1*v)/(-3))/(-1) - -43 is divided by s?
18
Suppose 0 = -5*t + 23*b - 21*b + 137, 153 = 5*t + 2*b. What is the remainder when 58 is divided by t?
0
Suppose 0*i + 68 = 17*i. Calculate the remainder when 87 is divided by i/(-10) + (828/20 - -3).
43
Suppose -1360 = -6*f + f. Let q = -186 + f. What is the remainder when q is divided by 22?
20
Let w(m) = m**2 + 7*m - 20. Let x be w(-9). Let h(d) = -2*d**3 - d**2 - d - 5. What is the remainder when 41 is divided by h(x)?
5
Suppose -26 + 712 = 14*k. What is the remainder when k is divided by 21?
7
What is the remainder when 211 + -1 - (-12 + 8) is divided by 31?
28
Let j = 151 - 155. Calculate the remainder when 4 + (-84)/j + -6 is divided by (-1)/(2/(-40)*2).
9
Suppose -47 - 88 = -5*r. Calculate the remainder when r is divided by 6.
3
Suppose 0 = 2*d + 4*g - 2 - 22, 5*d + 3*g - 81 = 0. What is the remainder when 120 is divided by d?
12
Suppose h + 34 = -5*p, h = -3*p - 23 - 5. Suppose 265 = 7*b + 6. Let f = b + h. What is the remainder when f is divided by 10?
8
Let c(l) = 4*l + 16. Let w be c(-12). Let z = w + 58. Calculate the remainder when z is divided by 7.
5
Let c = 24 - -9. Calculate the remainder when c is divided by ((-6)/(-24)*-6)/(11/(-66)).
6
What is the remainder when 36 is divided by 49/84*-3*(-12 - 0)?
15
Suppose -11*x + 252 = -7*x - 3*j, -3*x - 3*j + 210 = 0. Calculate the remainder when 244 is divided by x.
46
Suppose -47*o = -49*o + 50. Calculate the remainder when 76 is divided by o.
1
Suppose -3*m + 7 + 62 = 0. Suppose -2*j + m = 1. Let i = j + -5. What is the remainder when 11 is divided by i?
5
Let l be 12/(-3) + (-1 - 1). Let y = 23 + l. Let v = 28 - -3. Calculate the remainder when v is divided by y.
14
Let i(a) = -a**2 + 13*a + 10. Let n be i(11). Suppose 4*b + 76 = -4. Let w = b + n. Calculate the remainder when 46 is divided by w.
10
Suppose -167*m - 10744 = -201*m. What is the remainder when m is divided by 33?
19
Suppose -78 = -3*z + 3. Let u = z - 0. Let y = 261 + -255. What is the remainder when u is divided by y?
3
Let g(j) = -j + 43. What is the remainder when g(-10) is divided by 28?
25
Let t(s) = -94*s + 1100. What is the remainder when 2835 is divided by t(11)?
63
Suppose -35 + 17 = -3*s. What is the remainder when (-145)/(-15) - (-2)/s is divided by 7?
3
Suppose -32*v + 28*v = -32. Calculate the remainder when 63 is divided by v.
7
Let n(v) = 9*v - 198. What is the remainder when 50 is divided by n(23)?
5
Suppose -4*v - 90 = -2*q, -q - 2*v = -6 - 27. What is the remainder when q is divided by 19?
1
Let z(j) = 4*j**3 - 10*j**2 + 7*j + 5. Suppose 0*k + k = 33. What is the remainder when z(4) is divided by k?
30
Let i be ((-54)/(-3))/(-2) + 0. Let p be (-3)/2*(-4)/2. What is the remainder when 2 - (3 + i - p) is divided by 4?
3
Let q = 1 + -1. Suppose -509 = -11*p + 19. Suppose -2*z + p + 28 = q. Calculate the remainder when z is divided by 10.
8
Let f(a) = -a**3 - 5*a**2 + 7*a + 39. Let g(l) = l**2 - 5*l - 5. What is the remainder when f(-6) is divided by g(7)?
6
Suppose 82 + 14 = 12*r. What is the remainder when 437 is divided by r?
5
Let h(z) = z**3 - 3*z**2 - 5*z + 4. Calculate the remainder when h(6) is divided by (-9 + 140/14)/(1/14).
12
Let f(a) = -16*a. Let d(j) = j**3 - 4*j**2 + 4*j - 5. Suppose 2*k - 12 = -k. Calculate the remainder when f(-2) is divided by d(k).
10
Let h(w) = w**2 + 3*w - 3. Suppose 12 = -3*m + m - i, 0 = 3*m + 3*i + 18. Let z be h(m). Let j = 2 + z. Calculate the remainder when j is divided by 10.
7
Let t(z) = z**3 - 7*z**2 + 8*z + 4. Let i(v) = v**3 - 9*v**2 - 10*v + 6. Let p be i(10). What is the remainder when t(p) is divided by 3?
1
Let i = -1301 - -799. What is the remainder when i/(-6) - (-3)/(-27)*6 is divided by 21?
20
Let o(a) = -a**3 - 6*a**2 + 2. Let c be o(-6). Suppose -4*y + 6 + 10 = 0, 0 = -c*g - 5*y + 72. Calculate the remainder when 74 is divided by g.
22
Let d = -68 + 84. Suppose -q + 3*q - 6 = 0. Suppose q*u = -3*j + 93, 2*j - 3*u - 18 = 34. Calculate the remainder when j is divided by d.
13
Let k = 118 + -38. Let x = k + -2. What is the remainder when 50 is divided by 4/(-3)*x/(-4)?
24
Let d be (-770)/(-84) - (-2)/(-12). Suppose 0 = -d*h + 84 + 60. Calculate the remainder whe